 0)*(-33)/(-66). Let s(a) = 22*a - 2. What is s(p)?
20
Let d(f) = -3*f - 10. Let o be 1*(34/(-3) - -4)*-3. Suppose 0 = -21*m + o*m + 7. Determine d(m).
11
Let c(s) = -7*s**2 - 181*s + 31. Let k be c(-26). Let l(x) = -x**3 + 6*x**2 - 9*x + 24. Give l(k).
4
Let m(w) = -3*w**3 - 314*w**2 + 111*w + 362. Let d(j) = -j**3 - 79*j**2 + 28*j + 87. Let l(t) = 9*d(t) - 2*m(t). Determine l(-28).
3
Suppose 3*t - 2*j - 3*j = 16, -5*j - 13 = -4*t. Suppose 7*n = 8*n - 3. Let c(d) = 6213 + n*d**2 - d**3 + 2*d**3 - 6210 - d. Calculate c(t).
6
Let j(v) = -191*v + 5163. Let g be j(27). Let m(u) = u**3 - 7*u**2 + 9*u - 11. Determine m(g).
7
Let w = 8043 - 8046. Let o(d) = 148*d + 440. Calculate o(w).
-4
Let w(v) be the first derivative of v**3 + 39*v**2 + 11*v - 9. Determine w(-26).
11
Let f be (-3798)/(-234) + -13 + (-15)/65. Let c(h) = h**3 - 5*h**2 + 14*h - 4. Determine c(f).
20
Let b(i) = i - 4. Suppose 22*d - 25*d + 1680 = 0. Let q = d + -566. What is b(q)?
-10
Let i(z) = -z**3 + z - 13*z + 17*z - 3*z + 3*z**2 + 3*z**2. Give i(6).
12
Let r(l) = -l + 2. Let p be r(-12). Suppose -3*b - 4 = -4*y + b, 0 = 4*y + b - p. Let j(z) = -4*z. Let d(v) = -3*v. Let w(i) = 10*d(i) - 7*j(i). Determine w(y).
-6
Let g(z) = 16*z - 1. Let q(b) = -62*b + 5. Let n(a) = -4*g(a) - q(a). Let f = 8 - 12. Let r = f + 1. Give n(r).
5
Let h(f) = f**2 - f + 1. Let u(m) = -8*m**2 + 14*m - 5. Let g(x) = -18*h(x) - 2*u(x). Determine g(-8).
-56
Suppose -21 = -18*s + 15. Let p(n) = 3*n - n**s - 7*n - 4 + 7*n. Calculate p(4).
-8
Let q be (-36)/(-4) - 399/21. Let w(g) = -5 - 10*g - g**2 + 1 - g. Give w(q).
6
Suppose 0 = 3*j - 2*u - 3, 16 + 11 = 4*j + 5*u. Let b(d) = -4*d**2 - 322*d + 315*d - 1 + j*d**2. Determine b(-3).
11
Suppose -36*y = -32*y - 4. Let f(k) be the second derivative of -3*k**5/20 - k**4/6 + k**3/6 - 161*k. Calculate f(y).
-4
Suppose 8*r + 714 + 254 = 0. Let n = 122 + r. Let s(o) = -6*o**3 - o**2 + 1. What is s(n)?
-6
Let d(b) = b**2 - 5*b - 5. Let p = 245 + -248. Let z(l) = 4*l**2 + 10*l - 1. Let r be z(p). What is d(r)?
-5
Let m = 162 - 165. Let y(h) = -6*h - 18. Let f be y(m). Let z(x) be the second derivative of x**3/6 - x. Give z(f).
0
Let l = -1093 - -1096. Let i(f) be the third derivative of 0 - 8*f**2 + 0*f - 1/8*f**4 + 0*f**l. What is i(3)?
-9
Let o(x) = -x**2 + 21*x + 54. Let d(s) = 2*s. Let c(p) = 3*d(p) - o(p). Let h be c(18). Let a(n) = n - 5. Determine a(h).
-5
Let x(d) = -d - 2. Let o(h) = h**3 + 2*h**2 + h - 120. Let m be o(0). Let g = 113 + m. Give x(g).
5
Let h(x) = 8226*x + 34 + 8242*x - 2 - 16483*x - x**2. Determine h(-13).
58
Let b be 1/(-1)*(-1813)/(-259). Let o(m) = -15*m - 3*m + 2 + 12*m - m**2. Determine o(b).
-5
Let x(m) = -5*m + 3. Let f(u) = 11*u - 7. Let a(t) = -6*f(t) - 13*x(t). Let r(w) = -2*w + 46. Let l be r(19). Determine a(l).
-5
Let q(r) = -r**2 - 22*r + 8. Suppose -10778*g = -10730*g + 1056. Determine q(g).
8
Let z(o) = -41*o - 63. Let h(a) = a + 5. Let x(u) = -8*h(u) + z(u). What is x(-2)?
-5
Let t(g) = 2*g**2 + 18*g**3 + 27*g**3 - 8*g**2 - 46*g**3 - 15*g**2 - 18*g. Determine t(-20).
-40
Let v(r) = -2*r**2 + r - 2. Let f(y) be the first derivative of -5/3*y**3 - 3 + 1/2*y**2 - 4*y. Let d(t) = -3*f(t) + 5*v(t). Calculate d(-2).
18
Let z(m) = -m**3 - 4*m**2 - m - 1. Suppose 0 = 4*t - 4*k - 188, 22 = -4*t - 2*k + 216. Let o = -70 - -20. Let a = o + t. Give z(a).
-7
Let q be (1 + (-1 - 3))*(-90)/27. Let p(y) = y**3 - 11*y**2 + 2. Give p(q).
-98
Let x(m) = m**3. Let b(k) = -8*k**3 - 11*k**2 + 16*k - 6. Let a(r) = r**3 - r - 2. Let u(t) = 4*a(t) + b(t). Let o(y) = -u(y) - 5*x(y). What is o(10)?
-6
Suppose -26*m = 90 - 298. Let w be 42/m*4/(-6)*2. Let a(n) = n**2 + 7*n + 7. Give a(w).
7
Let j(p) be the first derivative of 3/2*p**2 - 1/3*p**3 - 1/2*p**4 - 19 - 3*p. Let h(t) = t**3 + t**2 - 2*t + 2. Let v(b) = -3*h(b) - 2*j(b). Determine v(2).
4
Let g(o) = -11 - 226*o - 219*o - 10 + 448*o. Calculate g(9).
6
Let a(w) = -2*w - 44. Let p(s) = s - 252. Let f(d) = 5*a(d) - p(d). What is f(9)?
-67
Suppose -15*a = -7*a - 408. Let s be 6/a + 6/(-51). Suppose -x - 2 = s, 22 - 3 = 3*d - 5*x. Let n(f) = f**3 - 2*f**2 - 3*f. Determine n(d).
0
Let d(n) = n - 13. Let k(b) = -b**2 + 32*b + 273. Let z be k(-7). Give d(z).
-13
Let o(p) = -13*p + 0 + 14*p - 2*p + 12 - p. Let j(h) = 3*h**2 - 3*h - 2. Let l be j(-1). Calculate o(l).
4
Let z(u) = u**2 - 5*u - 4. Let s(h) = h**2 - 5*h - 3. Let x(o) = 4*s(o) - 3*z(o). Suppose 1758*f = 1820*f - 310. Give x(f).
0
Let c(b) = -b**3 - 40*b**2 + 39*b - 112. Let r = 11054 - 11095. Determine c(r).
-30
Let s(c) = 8*c**2 - 38*c - 64. Let h(n) = 22*n**2 - 28*n - 44. Let k be h(-1). Calculate s(k).
-4
Let v(c) = c**3 + 4*c**2 + 4*c + 4. Suppose -2*i = 5*b + 15 - 22, 0 = 4*b + 5*i - 9. Let m be ((-58)/87)/(b/6). Calculate v(m).
-12
Let s(a) = -9*a + 123. Let q be (-3)/(((-56)/7 + 12 + -7)/13). Give s(q).
6
Let n(y) = -y**3 + 30*y + 20. Let p be n(6). Let s(r) = r**2 + 16*r + 13. Determine s(p).
13
Let n(u) = -u**3 - 8*u**2 - 8*u - 10. Suppose 5*q + 3*c = -0*q + 611, -q + c + 119 = 0. Let x = q + -128. Give n(x).
-3
Suppose 3*q + 15 = 3*p, 26*q - 5*p = 28*q + 17. Let h(l) = -l**2 - l + 36. Determine h(q).
6
Suppose 4*q = -1 - 15. Let h be (-3 + 0)/(6/q). Let l(c) = -12*c**2 + 2*c + 12 + 6*c**2 - 7 + 8*c**2 - 7. Calculate l(h).
10
Let y(x) = 5*x**3 + 96*x**2 + 23*x + 85. Let l be y(-19). Let d(f) be the first derivative of 0*f**3 - l - 3/2*f**2 - 3*f + 1/4*f**4. Give d(-2).
-5
Let i(g) = 25*g - 64. Let s = -20883 - -20885. What is i(s)?
-14
Let y be (-30)/24 - 495/132. Let a(n) be the second derivative of n**3/6 + n**2 + 5*n. Calculate a(y).
-3
Let i(h) be the first derivative of h**4/4 + 5*h**3 - 17*h**2 + 6*h + 796. Calculate i(-17).
6
Let a(v) = -7*v**2 - 3*v + 5. Let y(q) = 8*q**2 + 4*q - 6. Let i(j) = -7*a(j) - 6*y(j). Let x be (-3 - 1)*(2 - 43). Let m = x + -162. What is i(m)?
-1
Let g(j) = j**2 + 9*j - 18. Let i = -138 + 170. Let z(k) = -6*k + 181. Let f be z(i). Calculate g(f).
4
Let f(i) = 2*i**2 + 2*i + 1. Let b be (188/4 - -2)/(-1). Let w = b + 32. Let k be (-90)/102 + 2/w. Calculate f(k).
1
Suppose 24*k - 19*k - 15 = 0. Suppose -k*h - 9 = -v, 3*v - v + 17 = -h. Let q(x) = 6*x + 8. Determine q(v).
-28
Let a(o) = -o**2 + 11*o + 2. Let v(d) = -5*d**2 + 32*d - 25. Let f(l) = 6*a(l) - v(l). Give f(35).
2
Suppose 363*b - 355 - 734 = 0. Let l(k) = 17*k - 45. Calculate l(b).
6
Let f(x) = 2*x - 20. Let v be f(11). Suppose 5*b = -2*a + 13, 0*a + a - v*b + 7 = 0. Let t(u) = 5 - 3*u**2 - 3 - 4*u**2 - 1. Calculate t(a).
-6
Let o be (-2496)/(-176) + 4/(-22). Let m = o + -11. Let a(s) = -6*s + 6*s - s**2 - m*s - 6 - 4*s. Calculate a(-4).
6
Let m(n) be the first derivative of -1/3*n**3 + 71 - 3*n**2 - 5*n. Let a be (0/(-2))/1 + -4. Calculate m(a).
3
Suppose -2*c = -4*m, 6 + 18 = 2*m + 5*c. Let s = -277 + 277. Let b(r) = 8*r + m*r**2 - 5 + s - r**2 - 2*r**2. Determine b(6).
7
Let a(t) = -t**3 - 31*t**2 - 2*t - 44. Let f be ((-124)/(-6))/((-3*12/(-54))/(-1)). Determine a(f).
18
Let n = -22 + 29. Suppose -y + m = -4, -m + 0*m - n = 2*y. Let s be 3/(9/12) - (-3 + y). Let u(h) = -h**2 + 7*h. Determine u(s).
-8
Let m(q) = 4*q**2 - 12*q + 3. Suppose 0 = 5*c - o - 28, 0 = 5*c + 25*o - 21*o - 13. What is m(c)?
43
Let y = 319 + -173. Suppose 240 = -y*m + 142*m. Let c = m - -70. Let v(x) = x**2 - 10*x + 10. Determine v(c).
10
Let z(b) = b**3 - 11*b**2 + 10*b + 10. Let j be ((-130)/(-40) + -7)/(116/32 + -4). Calculate z(j).
10
Let w be ((-8)/6)/((-10)/(-1440)*12). Let u(z) = z**2 + 24*z + 109. Calculate u(w).
-19
Let u(k) be the first derivative of -k**2 + 9*k - 50. Let h be (-2 - 36/(-15))/(3/60). Determine u(h).
-7
Let p(r) = r**3 - r + 5 - 11*r**2 + 13 - 2. Suppose 3*n + 262*c = 258*c + 5, -4*n - c = -37. Determine p(n).
5
Let w be (5 - (-13)/(-5))*(-5)/(-2). Let t(k) be the first derivative of k**4/4 - 2*k**3 + 3*k**2 + k - 342. Calculate t(w).
37
Let h(r) = r**2 - 7*r - 1. Suppose 304*t = 302*t - 674. Let f = t - -343. Give h(f).
-7
Suppose -5*r + 5 = 0, 4*h - 7*h + 302 = -r. Let q = 93 - h. Let s(m) = m**2 + 9*m + 8. Give s(q).
0
Let y(v) be the first derivative of v**3/3 - 2*v**2 - 17*v - 395. Let c(a) = a**3 + 7*a**2 - 9*a - 1. Let x be c(-8). What is y(x)?
4
Let i = -209 + 209. Let l(v) be the third derivative of v**4/24 + 10*v**3/3 - 27*v*